What are the prime factors of 124497298?
2, 23, 43, 113, 557
What are the prime factors of 4911642818?
2, 53, 46336253
What are the prime factors of 11145415?
5, 2229083
What are the prime factors of 513286063?
4943, 103841
What are the prime factors of 5960655212?
2, 1433, 1039891
What are the prime factors of 18732267?
3, 53, 173, 227
List the prime factors of 42163135.
5, 7, 157, 7673
What are the prime factors of 163147379?
349, 467471
List the prime factors of 1651328874.
2, 3, 13, 19, 41, 9059
What are the prime factors of 28043763?
3, 11, 137, 6203
List the prime factors of 4267386505.
5, 379, 1327, 1697
What are the prime factors of 98522058?
2, 3, 47, 349369
What are the prime factors of 608073965?
5, 43, 449, 6299
List the prime factors of 991845639.
3, 110205071
List the prime factors of 113015084.
2, 7, 13, 310481
What are the prime factors of 335222038?
2, 67, 2501657
List the prime factors of 4024656875.
5, 6439451
List the prime factors of 27796071.
3, 17, 79, 6899
List the prime factors of 15211788.
2, 3, 1267649
What are the prime factors of 70779640?
2, 5, 127, 13933
What are the prime factors of 42873093?
3, 31, 4957
List the prime factors of 680686579.
17, 29, 53, 109, 239
What are the prime factors of 89084044?
2, 7, 3181573
List the prime factors of 376098138.
2, 3, 13, 31, 139, 373
List the prime factors of 61994905.
5, 7, 1771283
List the prime factors of 136346376.
2, 3, 439, 12941
List the prime factors of 191552697.
3, 7, 41, 74159
What are the prime factors of 146937602?
2, 7, 19, 552397
List the prime factors of 3560734394.
2, 7, 97, 137, 19139
List the prime factors of 61908740.
2, 5, 3095437
List the prime factors of 11533260.
2, 3, 5, 211, 911
What are the prime factors of 775763788?
2, 17, 41, 67, 4153
List the prime factors of 182998515.
3, 5, 7, 1742843
What are the prime factors of 1636121806?
2, 11, 19, 107, 157, 233
What are the prime factors of 418414499?
149, 1319, 2129
List the prime factors of 147261881.
13, 71, 103, 1549
List the prime factors of 1430651081.
1741, 821741
What are the prime factors of 752484733?
7, 11, 13, 223, 3371
What are the prime factors of 1688748380?
2, 5, 11, 17, 26561
List the prime factors of 3112896.
2, 3, 31, 523
List the prime factors of 70056830.
2, 5, 17, 412099
What are the prime factors of 1019609087?
7, 145658441
List the prime factors of 14488064.
2, 28297
List the prime factors of 1075280300.
2, 5, 19, 565937
What are the prime factors of 3646024214?
2, 7, 260430301
What are the prime factors of 1217377212?
2, 3, 23, 4410787
List the prime factors of 5905084887.
3, 13, 101, 499711
List the prime factors of 540573603.
3, 347, 519283
List the prime factors of 445339952.
2, 27833747
List the prime factors of 3194323916.
2, 7, 109, 149519
List the prime factors of 76361287.
53, 1440779
What are the prime factors of 75002439?
3, 29, 862097
What are the prime factors of 146712271?
131, 349, 3209
What are the prime factors of 41175519?
3, 7, 11, 178249
List the prime factors of 194424718.
2, 157, 619187
List the prime factors of 624418126.
2, 17, 89, 206351
What are the prime factors of 40789145?
5, 71, 89, 1291
What are the prime factors of 2795677967?
199, 331, 42443
What are the prime factors of 7385164934?
2, 7, 41, 857, 15013
List the prime factors of 805585017.
3, 757, 354727
What are the prime factors of 58428166?
2, 29214083
What are the prime factors of 387101583?
3, 11, 137, 28541
What are the prime factors of 45097914?
2, 3, 101, 74419
What are the prime factors of 123880368?
2, 3, 2580841
List the prime factors of 664132247.
664132247
What are the prime factors of 119062317?
3, 11, 3607949
List the prime factors of 1408163384.
2, 59, 2983397
List the prime factors of 6033733006.
2, 7, 47, 9169807
What are the prime factors of 3035397497?
11, 19, 2087, 6959
What are the prime factors of 5155510840?
2, 5, 47, 2742293
List the prime factors of 11862412.
2, 2965603
List the prime factors of 25385430.
2, 3, 5, 7, 2467
What are the prime factors of 2262485870?
2, 5, 1597, 141671
What are the prime factors of 2980352483?
19, 103, 173, 8803
List the prime factors of 46515655.
5, 17, 31, 127, 139
What are the prime factors of 31665344?
2, 61, 8111
List the prime factors of 805642300.
2, 5, 8056423
What are the prime factors of 4736162623?
19, 907, 274831
What are the prime factors of 3673262769?
3, 11, 47, 59, 137, 293
List the prime factors of 18256477.
18256477
List the prime factors of 714158295.
3, 5, 41, 1161233
List the prime factors of 27292273.
37, 737629
List the prime factors of 3861543570.
2, 3, 5, 89, 397, 3643
List the prime factors of 1877113899.
3, 61, 1139717
What are the prime factors of 39097871?
461, 84811
List the prime factors of 190437995.
5, 11, 17, 11981
What are the prime factors of 36938070?
2, 3, 5, 13, 131, 241
List the prime factors of 319820510.
2, 5, 113, 283027
List the prime factors of 76878941.
467, 164623
List the prime factors of 22895408.
2, 449, 3187
What are the prime factors of 4650590410?
2, 5, 6451, 72091
What are the prime factors of 166142054?
2, 13, 17, 22111
What are the prime factors of 97780024?
2, 107, 114229
What are the prime factors of 3101844?
2, 3, 258487
List the prime factors of 1938949893.
3, 23937653
List the prime factors of 1471399753.
73, 709, 28429
List the prime factors of 36491686.
2, 7, 11, 29, 8171
What are the prime factors of 883874764?
2, 8597, 25703
What are the prime factors of 616042090?
2, 5, 17, 433, 8369
List the prime factors of 271945291.
271945291
List the prime factors of 31324741.
7, 4474963
What are the prime factors of 922637924?
2, 13, 41, 33289
What are the prime factors of 42355500?
2, 3, 5, 11, 17, 151
What are the prime factors of 535988687?
13, 269, 153271
List the prime factors of 1318231736.
2, 43, 379, 10111
What are the prime factors of 4840873548?
2, 3, 7, 67, 281, 3061
List the prime factors of 286360853.
7237, 39569
List the prime factors of 4191049999.
4191049999
What are the prime factors of 587816034?
2, 3, 13, 19, 396637
List the prime factors of 114262649.
114262649
What are the prime factors of 381526?
2, 190763
List the prime factors of 3580440247.
8839, 405073
List the prime factors of 1083205508.
2, 7, 11, 739, 4759
List the prime factors of 225753493.
7, 4253, 7583
List the prime factors of 14038620.
2, 3, 5, 83, 2819
List the prime factors of 61098909.
3, 20366303
List the prime factors of 81784645.
5, 19, 860891
What are the prime factors of 69753202?
2, 34876601
List the prime factors of 2006593549.
29, 151, 257, 1783
List the prime factors of 17383031.
17383031
What are the prime factors of 23145511?
149, 163, 953
What are the prime factors of 1882220?
2, 5, 94111
List the prime factors of 231556174.
2, 31, 241, 15497
What are the prime factors of 594301789?
11279, 52691
List the prime factors of 49004716.
2, 61, 107, 1877
What are the prime factors of 531049444?
2, 6221, 21341
List the prime factors of 200928652.
2, 50232163
What are the prime factors of 808482632?
2, 631, 160159
What are the prime factors of 1049461013?
1049461013
What are the prime factors of 3009767920?
2, 5, 127, 296237
What are the prime factors of 160443210?
2, 3, 5, 317, 16871
List the prime factors of 1539516250.
2, 5, 1231613
What are the prime factors of 113822191?
7, 17, 41, 569
List the prime factors of 484299980.
2, 5, 31, 781129
What are the prime factors of 15013796?
2, 7, 31, 353
List the prime factors of 1136671326.
2, 3, 7, 429581
List the prime factors of 1143901445.
5, 359, 637271
What are the prime factors of 4680773418?
2, 3, 780128903
List the prime factors of 2768931490.
2, 5, 13, 103, 15907
List the prime factors of 25914422.
2, 23, 563357
What are the prime factors of 5416410302?
2, 13099, 206749
List the prime factors of 233312779.
7, 379, 87943
List the prime factors of 4224335071.
11, 89, 4314949
List the prime factors of 173581773.
3, 89, 277, 2347
List the prime factors of 390016295.
5, 17, 4588427
List the prime factors of 3356382949.
3356382949
List the prime factors of 1937945420.
2, 5, 83, 331, 3527
List the prime factors of 12499232.
2, 29, 13469
List the prime factors of 29508493.
7, 269, 15671
What are the prime factors of 37543557?
3, 53, 389, 607
List